{"id":28,"date":"2025-06-03T19:48:32","date_gmt":"2025-06-03T19:48:32","guid":{"rendered":"https:\/\/edu3dkacja.rzeszow.pl\/?page_id=28"},"modified":"2025-06-03T20:28:19","modified_gmt":"2025-06-03T20:28:19","slug":"o-nas","status":"publish","type":"page","link":"https:\/\/edu3dkacja.rzeszow.pl\/?page_id=28","title":{"rendered":"O nas"},"content":{"rendered":"\t\t<div data-elementor-type=\"wp-page\" data-elementor-id=\"28\" class=\"elementor elementor-28\" data-elementor-post-type=\"page\">\n\t\t\t\t<div class=\"elementor-element elementor-element-ed37301 e-flex e-con-boxed e-con e-parent\" data-id=\"ed37301\" data-element_type=\"container\">\n\t\t\t\t\t<div class=\"e-con-inner\">\n\t\t<div class=\"elementor-element elementor-element-01bb6a2 e-con-full e-flex e-con e-child\" data-id=\"01bb6a2\" data-element_type=\"container\">\n\t\t\t\t<div class=\"elementor-element elementor-element-32e246e5 elementor-widget elementor-widget-heading\" data-id=\"32e246e5\" data-element_type=\"widget\" data-widget_type=\"heading.default\">\n\t\t\t\t<div class=\"elementor-widget-container\">\n\t\t\t\t\t<h2 class=\"elementor-heading-title elementor-size-default\">Kilka s\u0142\u00f3w o nas<\/h2>\t\t\t\t<\/div>\n\t\t\t\t<\/div>\n\t\t\t\t<\/div>\n\t\t<div class=\"elementor-element elementor-element-1b4baf3 e-con-full e-flex e-con e-child\" data-id=\"1b4baf3\" data-element_type=\"container\">\n\t\t\t\t<div class=\"elementor-element elementor-element-57ceed0 elementor-view-default elementor-widget elementor-widget-icon\" data-id=\"57ceed0\" data-element_type=\"widget\" data-widget_type=\"icon.default\">\n\t\t\t\t<div class=\"elementor-widget-container\">\n\t\t\t\t\t\t\t<div class=\"elementor-icon-wrapper\">\n\t\t\t<div class=\"elementor-icon\">\n\t\t\t<svg aria-hidden=\"true\" class=\"e-font-icon-svg e-fas-circle\" viewBox=\"0 0 512 512\" xmlns=\"http:\/\/www.w3.org\/2000\/svg\"><path d=\"M256 8C119 8 8 119 8 256s111 248 248 248 248-111 248-248S393 8 256 8z\"><\/path><\/svg>\t\t\t<\/div>\n\t\t<\/div>\n\t\t\t\t\t\t<\/div>\n\t\t\t\t<\/div>\n\t\t\t\t<div class=\"elementor-element elementor-element-96f9fa1 elementor-widget elementor-widget-image\" data-id=\"96f9fa1\" data-element_type=\"widget\" data-widget_type=\"image.default\">\n\t\t\t\t<div class=\"elementor-widget-container\">\n\t\t\t\t\t\t\t\t\t\t\t\t\t\t\t<img fetchpriority=\"high\" decoding=\"async\" width=\"653\" height=\"436\" src=\"https:\/\/edu3dkacja.rzeszow.pl\/wp-content\/uploads\/2025\/06\/unsplash-image-2.webp\" class=\"attachment-large size-large wp-image-33\" alt=\"\" srcset=\"https:\/\/edu3dkacja.rzeszow.pl\/wp-content\/uploads\/2025\/06\/unsplash-image-2.webp 653w, https:\/\/edu3dkacja.rzeszow.pl\/wp-content\/uploads\/2025\/06\/unsplash-image-2-300x200.webp 300w\" sizes=\"(max-width: 653px) 100vw, 653px\" \/>\t\t\t\t\t\t\t\t\t\t\t\t\t\t\t<\/div>\n\t\t\t\t<\/div>\n\t\t\t\t<div class=\"elementor-element elementor-element-497a5a0 elementor-view-default elementor-widget elementor-widget-icon\" data-id=\"497a5a0\" data-element_type=\"widget\" data-widget_type=\"icon.default\">\n\t\t\t\t<div class=\"elementor-widget-container\">\n\t\t\t\t\t\t\t<div class=\"elementor-icon-wrapper\">\n\t\t\t<div class=\"elementor-icon\">\n\t\t\t<svg aria-hidden=\"true\" class=\"e-font-icon-svg e-far-circle\" viewBox=\"0 0 512 512\" xmlns=\"http:\/\/www.w3.org\/2000\/svg\"><path d=\"M256 8C119 8 8 119 8 256s111 248 248 248 248-111 248-248S393 8 256 8zm0 448c-110.5 0-200-89.5-200-200S145.5 56 256 56s200 89.5 200 200-89.5 200-200 200z\"><\/path><\/svg>\t\t\t<\/div>\n\t\t<\/div>\n\t\t\t\t\t\t<\/div>\n\t\t\t\t<\/div>\n\t\t\t\t<\/div>\n\t\t\t\t\t<\/div>\n\t\t\t\t<\/div>\n\t\t<div class=\"elementor-element elementor-element-273eae1e e-flex e-con-boxed e-con e-parent\" data-id=\"273eae1e\" data-element_type=\"container\">\n\t\t\t\t\t<div class=\"e-con-inner\">\n\t\t\t\t<div class=\"elementor-element elementor-element-aa0ee61 elementor-widget elementor-widget-heading\" data-id=\"aa0ee61\" data-element_type=\"widget\" data-widget_type=\"heading.default\">\n\t\t\t\t<div class=\"elementor-widget-container\">\n\t\t\t\t\t<h2 class=\"elementor-heading-title elementor-size-default\">Witaj w <span style=\"color: #FFC800\">Edu3Dkacja<\/span><\/h2>\t\t\t\t<\/div>\n\t\t\t\t<\/div>\n\t\t\t\t<div class=\"elementor-element elementor-element-19ecf856 elementor-widget-divider--view-line elementor-widget elementor-widget-divider\" data-id=\"19ecf856\" data-element_type=\"widget\" data-widget_type=\"divider.default\">\n\t\t\t\t<div class=\"elementor-widget-container\">\n\t\t\t\t\t\t\t<div class=\"elementor-divider\">\n\t\t\t<span class=\"elementor-divider-separator\">\n\t\t\t\t\t\t<\/span>\n\t\t<\/div>\n\t\t\t\t\t\t<\/div>\n\t\t\t\t<\/div>\n\t\t\t\t<div class=\"elementor-element elementor-element-0c129d0 elementor-widget elementor-widget-text-editor\" data-id=\"0c129d0\" data-element_type=\"widget\" data-widget_type=\"text-editor.default\">\n\t\t\t\t<div class=\"elementor-widget-container\">\n\t\t\t\t\t\t\t\t\tZaj\u0119cia z nowoczesnych technologii wspieraj\u0105ce rozw\u00f3j dzieci w wieku 6-13 lat\t\t\t\t\t\t\t\t<\/div>\n\t\t\t\t<\/div>\n\t\t\t\t<div class=\"elementor-element elementor-element-37f1273 elementor-widget elementor-widget-text-editor\" data-id=\"37f1273\" data-element_type=\"widget\" data-widget_type=\"text-editor.default\">\n\t\t\t\t<div class=\"elementor-widget-container\">\n\t\t\t\t\t\t\t\t\t<p>W\u00a0Edu3Dkacja prowadzimy zaj\u0119cia dla dzieci, kt\u00f3re rozwijaj\u0105 wyobra\u017anie przestrzenn\u0105 i\u00a0pozwalaj\u0105 na\u00a0poznanie najnowocze\u015bniejszych technologii.<\/p>\t\t\t\t\t\t\t\t<\/div>\n\t\t\t\t<\/div>\n\t\t\t\t<div class=\"elementor-element elementor-element-38e12fd elementor-widget elementor-widget-text-editor\" data-id=\"38e12fd\" data-element_type=\"widget\" data-widget_type=\"text-editor.default\">\n\t\t\t\t<div class=\"elementor-widget-container\">\n\t\t\t\t\t\t\t\t\t<div><div>\u00a0<\/div><\/div><div><div><p>Czy\u00a0wiesz, \u017ce\u00a0technologia druku 3D jest uwa\u017cana za\u00a0jedn\u0105 z\u00a0najbardziej przysz\u0142o\u015bciowych dziedzin rozwoju przemys\u0142u na\u00a0\u015bwiecie? Ju\u017c dzi\u015b druk 3D jest wykorzystywany w\u00a0wielu bran\u017cach: w\u00a0medycynie, w\u00a0archeologii, motoryzacji, lotnictwie, budownictwie \u2013 a\u00a0to\u00a0dopiero POCZ\u0104TEK ery druku 3D!<\/p><\/div><\/div>\t\t\t\t\t\t\t\t<\/div>\n\t\t\t\t<\/div>\n\t\t\t\t\t<\/div>\n\t\t\t\t<\/div>\n\t\t<div class=\"elementor-element elementor-element-9f7c5ad e-flex e-con-boxed e-con e-parent\" data-id=\"9f7c5ad\" data-element_type=\"container\" data-settings=\"{&quot;background_background&quot;:&quot;classic&quot;}\">\n\t\t\t\t\t<div class=\"e-con-inner\">\n\t\t\t\t<div class=\"elementor-element elementor-element-a5fdf39 elementor-widget elementor-widget-heading\" data-id=\"a5fdf39\" data-element_type=\"widget\" data-widget_type=\"heading.default\">\n\t\t\t\t<div class=\"elementor-widget-container\">\n\t\t\t\t\t<h2 class=\"elementor-heading-title elementor-size-default\">Poznajmy si\u0119!<\/h2>\t\t\t\t<\/div>\n\t\t\t\t<\/div>\n\t\t\t\t<div class=\"elementor-element elementor-element-5c33b22 elementor-widget-divider--view-line elementor-widget elementor-widget-divider\" data-id=\"5c33b22\" data-element_type=\"widget\" data-widget_type=\"divider.default\">\n\t\t\t\t<div class=\"elementor-widget-container\">\n\t\t\t\t\t\t\t<div class=\"elementor-divider\">\n\t\t\t<span class=\"elementor-divider-separator\">\n\t\t\t\t\t\t<\/span>\n\t\t<\/div>\n\t\t\t\t\t\t<\/div>\n\t\t\t\t<\/div>\n\t\t\t\t<div class=\"elementor-element elementor-element-947a5d0 elementor-widget elementor-widget-video\" data-id=\"947a5d0\" data-element_type=\"widget\" data-settings=\"{&quot;youtube_url&quot;:&quot;https:\\\/\\\/youtu.be\\\/zDub_T2F7_w&quot;,&quot;video_type&quot;:&quot;youtube&quot;,&quot;controls&quot;:&quot;yes&quot;}\" data-widget_type=\"video.default\">\n\t\t\t\t<div class=\"elementor-widget-container\">\n\t\t\t\t\t\t\t<div class=\"elementor-wrapper elementor-open-inline\">\n\t\t\t<div class=\"elementor-video\"><\/div>\t\t<\/div>\n\t\t\t\t\t\t<\/div>\n\t\t\t\t<\/div>\n\t\t\t\t<div class=\"elementor-element elementor-element-73de305 elementor-widget elementor-widget-heading\" data-id=\"73de305\" data-element_type=\"widget\" data-widget_type=\"heading.default\">\n\t\t\t\t<div class=\"elementor-widget-container\">\n\t\t\t\t\t<h2 class=\"elementor-heading-title elementor-size-default\">Sprawd\u017a<\/h2>\t\t\t\t<\/div>\n\t\t\t\t<\/div>\n\t\t\t\t<div class=\"elementor-element elementor-element-372676d elementor-widget elementor-widget-heading\" data-id=\"372676d\" data-element_type=\"widget\" data-widget_type=\"heading.default\">\n\t\t\t\t<div class=\"elementor-widget-container\">\n\t\t\t\t\t<h2 class=\"elementor-heading-title elementor-size-default\">jak pracujemy<\/h2>\t\t\t\t<\/div>\n\t\t\t\t<\/div>\n\t\t\t\t\t<\/div>\n\t\t\t\t<\/div>\n\t\t<div class=\"elementor-element elementor-element-4651d19 e-flex e-con-boxed e-con e-parent\" data-id=\"4651d19\" data-element_type=\"container\">\n\t\t\t\t\t<div class=\"e-con-inner\">\n\t\t\t\t<div class=\"elementor-element elementor-element-2e91fde elementor-widget elementor-widget-image\" data-id=\"2e91fde\" data-element_type=\"widget\" data-widget_type=\"image.default\">\n\t\t\t\t<div class=\"elementor-widget-container\">\n\t\t\t\t\t\t\t\t\t\t\t\t\t\t\t<img decoding=\"async\" width=\"262\" height=\"262\" src=\"https:\/\/edu3dkacja.rzeszow.pl\/wp-content\/uploads\/2025\/06\/Saly-31-2.webp\" class=\"attachment-large size-large wp-image-48\" alt=\"\" srcset=\"https:\/\/edu3dkacja.rzeszow.pl\/wp-content\/uploads\/2025\/06\/Saly-31-2.webp 262w, https:\/\/edu3dkacja.rzeszow.pl\/wp-content\/uploads\/2025\/06\/Saly-31-2-150x150.webp 150w\" sizes=\"(max-width: 262px) 100vw, 262px\" \/>\t\t\t\t\t\t\t\t\t\t\t\t\t\t\t<\/div>\n\t\t\t\t<\/div>\n\t\t\t\t<div class=\"elementor-element elementor-element-fff0518 elementor-widget elementor-widget-heading\" data-id=\"fff0518\" data-element_type=\"widget\" data-widget_type=\"heading.default\">\n\t\t\t\t<div class=\"elementor-widget-container\">\n\t\t\t\t\t<h2 class=\"elementor-heading-title elementor-size-default\">Czekamy na Ciebie!<\/h2>\t\t\t\t<\/div>\n\t\t\t\t<\/div>\n\t\t\t\t<div class=\"elementor-element elementor-element-607efb5 elementor-align-center elementor-widget elementor-widget-button\" data-id=\"607efb5\" data-element_type=\"widget\" data-widget_type=\"button.default\">\n\t\t\t\t<div class=\"elementor-widget-container\">\n\t\t\t\t\t\t\t\t\t<div class=\"elementor-button-wrapper\">\n\t\t\t\t\t<a class=\"elementor-button elementor-button-link elementor-size-sm\" href=\"#\">\n\t\t\t\t\t\t<span class=\"elementor-button-content-wrapper\">\n\t\t\t\t\t\t\t\t\t<span class=\"elementor-button-text\">Zaczynamy!<\/span>\n\t\t\t\t\t<\/span>\n\t\t\t\t\t<\/a>\n\t\t\t\t<\/div>\n\t\t\t\t\t\t\t\t<\/div>\n\t\t\t\t<\/div>\n\t\t\t\t\t<\/div>\n\t\t\t\t<\/div>\n\t\t\t\t<\/div>\n\t\t","protected":false},"excerpt":{"rendered":"<p>Kilka s\u0142\u00f3w o nas Witaj w Edu3Dkacja Zaj\u0119cia z nowoczesnych technologii wspieraj\u0105ce rozw\u00f3j dzieci w wieku 6-13 lat W\u00a0Edu3Dkacja prowadzimy zaj\u0119cia dla dzieci, kt\u00f3re rozwijaj\u0105 wyobra\u017anie przestrzenn\u0105 i\u00a0pozwalaj\u0105 na\u00a0poznanie najnowocze\u015bniejszych technologii. \u00a0 Czy\u00a0wiesz, \u017ce\u00a0technologia druku 3D jest uwa\u017cana za\u00a0jedn\u0105 z\u00a0najbardziej przysz\u0142o\u015bciowych dziedzin rozwoju przemys\u0142u na\u00a0\u015bwiecie? Ju\u017c dzi\u015b druk 3D jest wykorzystywany w\u00a0wielu bran\u017cach: w\u00a0medycynie, w\u00a0archeologii, [&hellip;]<\/p>\n","protected":false},"author":1,"featured_media":0,"parent":0,"menu_order":0,"comment_status":"closed","ping_status":"closed","template":"","meta":{"footnotes":""},"class_list":["post-28","page","type-page","status-publish","hentry"],"_links":{"self":[{"href":"https:\/\/edu3dkacja.rzeszow.pl\/index.php?rest_route=\/wp\/v2\/pages\/28","targetHints":{"allow":["GET"]}}],"collection":[{"href":"https:\/\/edu3dkacja.rzeszow.pl\/index.php?rest_route=\/wp\/v2\/pages"}],"about":[{"href":"https:\/\/edu3dkacja.rzeszow.pl\/index.php?rest_route=\/wp\/v2\/types\/page"}],"author":[{"embeddable":true,"href":"https:\/\/edu3dkacja.rzeszow.pl\/index.php?rest_route=\/wp\/v2\/users\/1"}],"replies":[{"embeddable":true,"href":"https:\/\/edu3dkacja.rzeszow.pl\/index.php?rest_route=%2Fwp%2Fv2%2Fcomments&post=28"}],"version-history":[{"count":22,"href":"https:\/\/edu3dkacja.rzeszow.pl\/index.php?rest_route=\/wp\/v2\/pages\/28\/revisions"}],"predecessor-version":[{"id":61,"href":"https:\/\/edu3dkacja.rzeszow.pl\/index.php?rest_route=\/wp\/v2\/pages\/28\/revisions\/61"}],"wp:attachment":[{"href":"https:\/\/edu3dkacja.rzeszow.pl\/index.php?rest_route=%2Fwp%2Fv2%2Fmedia&parent=28"}],"curies":[{"name":"wp","href":"https:\/\/api.w.org\/{rel}","templated":true}]}}